 prime factors of w(6).
2, 3, 43
Suppose -2*a = 2*g - 14, 4*a = -g - a + 23. What are the prime factors of g?
3
Let c(q) = q**3 + 7*q**2 - 7*q + 5. Let f be c(-8). What are the prime factors of 1*(-15)/(f/1)?
5
Let f be (17/2)/(1/(-4)). Let z = 16 + f. List the prime factors of 1/((-21)/z - 1).
2, 3
Suppose 4*f + 4 = -2*q, -q + 4*q - 12 = 3*f. Suppose q*a - 5 = 1. List the prime factors of a.
3
Let d(a) = -6*a**2 - 14*a + 5. Let n(i) = i**2 + i + 1. Let r(x) = d(x) + 5*n(x). What are the prime factors of r(-9)?
2, 5
Let f be 2*1/(-3)*3. Let h be 1 + f/(-3)*-3. What are the prime factors of (-7 - 1)*h/2?
2
Suppose 170 = 8*v - 3*v. List the prime factors of v.
2, 17
Let u = -10 - -13. What are the prime factors of u?
3
Suppose -4*c + 5*c = 3*q - 14, 0 = -4*q + 8. Let i be ((-7)/2)/(4/c). Let k = i - -7. What are the prime factors of k?
2, 7
Let o = -16 + 19. Suppose 19 = o*r - 86. List the prime factors of r.
5, 7
List the prime factors of 3/(-1) - (-4 - 99).
2, 5
Suppose -4*o + 92 = -4*w, -5*o - 2*w + 80 = -0*w. Suppose -2*d + q - 25 = 0, 2*q = 1 + 5. Let z = o + d. List the prime factors of z.
7
Let l be (-83)/(-4) - 3/4. Suppose c = -4*c + l. Suppose 4*w - r = -2*r + 44, -28 = -w + c*r. What are the prime factors of w?
2, 3
Let l(k) = 2*k**2 - 2*k + 6. List the prime factors of l(4).
2, 3, 5
Suppose -6*n = -2*n. Suppose 4*i - 52 = -2*q, 3*i + 5*q - 25 = -n*i. What are the prime factors of i?
3, 5
Suppose 0 = 3*a - 10 - 14. Suppose 3*u = 5*x + 6, a - 42 = -4*u - 2*x. What are the prime factors of u?
7
Let k = -42 - -28. What are the prime factors of ((-12)/k)/(1/14)?
2, 3
Let q(g) = -g**2 - 4*g + 8. Let u be q(-6). Let b be 22/6 + u/6. Let s = 7 - b. What are the prime factors of s?
2
Suppose -3*g = 2*s - 7 - 8, -s = 3*g - 15. Suppose -5*x + 65 = -g*r, -5*x + 2*r - 7*r + 75 = 0. List the prime factors of x.
2, 7
Suppose 5*q - 3*v = -7*v + 155, -37 = -q - 2*v. List the prime factors of q.
3
Suppose s = 22 - 3. What are the prime factors of s?
19
Let d = -22 - -12. Let w = d - -24. List the prime factors of w.
2, 7
List the prime factors of (-5)/(-10) + 85/2.
43
Let h(i) = i**2 - 9*i - 12. Let a be h(10). Let t be a/4*0/(-2). Suppose z - 5*b = -0*z + 30, z + b - 6 = t. List the prime factors of z.
2, 5
Let b(q) = 9*q**2 - 2*q + 1. Let j be b(-2). Let i = j - 18. List the prime factors of i.
23
Suppose 4*v = 3*v + 5. Suppose -d - 3 = v*r + 14, 2*d = -r - 7. Let i(u) = u**2 + 2*u + 1. What are the prime factors of i(r)?
2
Let h = -53 + 85. List the prime factors of h.
2
Suppose -62 = -2*j + 4*a, 90 = 5*j - 2*j - 5*a. Suppose 4*r = j + 3. List the prime factors of r.
7
Let s = -5 - -7. Let h = s - 2. What are the prime factors of (12 - -1 - 1) + h?
2, 3
Let b = -10 + 11. Let g = 37 + b. List the prime factors of g.
2, 19
Suppose -4*b + 10 = -10. Let i(c) = 8 + c**2 + 6*c + 4 - b. What are the prime factors of i(-6)?
7
Let i be (-12)/7 + 4/(-14). Let y be 0 + 2 + i + 0. Suppose 2*u - 26 + 6 = y. What are the prime factors of u?
2, 5
Suppose 4 = -2*g + 12. Suppose -1 = 3*r - 2*l - 30, -2*l + 34 = g*r. List the prime factors of r.
3
Let d = -16 - -64. Let z be 3*4/(-18)*d. What are the prime factors of 2/5 + z/(-20)?
2
Suppose -3*i + 80 = -73. Suppose -i = -4*v + 45. Suppose 5*y + 2*q + 0 = 27, 0 = 4*y + q - v. What are the prime factors of y?
7
Suppose -26*b = -27*b + 109. What are the prime factors of b?
109
Suppose 2*x + 2*x + 8 = 4*o, -3*o - 4*x - 29 = 0. Let v(q) = 2*q**2 - 6*q + 2. List the prime factors of v(o).
2, 19
Suppose -p + 586 = p. What are the prime factors of p?
293
Suppose -3*o = o. Suppose o = 4*i - 3*i + 7. Let y(w) = -w**3 - 7*w**2 - w - 2. List the prime factors of y(i).
5
Let y be 4/4 - (-30 - 2). Suppose 0 = 4*i - 3*i - y. List the prime factors of i.
3, 11
Let j be (-74)/(-3) - 1/(-3). Suppose -6*r + r = -j. Suppose -r*x + 7*x - 34 = 0. List the prime factors of x.
17
Let l(j) = 3*j - 1. Let n be l(5). Let c be (-3)/(-6)*4 + n. Let p = c - 8. What are the prime factors of p?
2
Let a = 3 + -2. Let k = a + -1. Suppose k = -2*p + 18 + 12. List the prime factors of p.
3, 5
Suppose -3*t - 13 = -5*i, -t - 3*i + 13 = -6. Suppose 0 = -t*o + o, -4*o = 2*m + 10. What are the prime factors of m*(18/15 + -2)?
2
Let w(q) = -4*q - 29. List the prime factors of w(-9).
7
Suppose -2*a + 3*k = -7, 2*k = -5*a + a - 10. What are the prime factors of a/(-5) + (-59)/(-5)?
2, 3
Suppose -3*j + 17 = 5. Suppose 5*m + 1 = 2*i, 3*m = -2*i + 13 - j. Suppose -i*a - 5*x + 2 = 0, -4*a + 14 = -a - x. What are the prime factors of a?
2
Let y = -18 + 21. Suppose 0 = y*m - 8*m + 205. What are the prime factors of m?
41
Let q be (32/20)/((-2)/(-10)). Suppose 0 = -4*y - 2*z + q, 7*y - 2*y = -5*z. What are the prime factors of y?
2
Suppose 0 = -3*p - 5*r + 2*r + 426, -2*p + 296 = -r. List the prime factors of p.
2, 73
Let m = 0 + 11. Suppose -2*w - 3 + m = 0. Suppose -4*v + v = 2*p - 29, -w*v + 12 = -4*p. What are the prime factors of v?
7
Let r(y) = -6*y**2. Let a be r(-1). List the prime factors of (-2)/6 - 68/a.
11
Let j = 49 + -75. Let p = 50 + j. What are the prime factors of p?
2, 3
Suppose 0*l + 63 = 5*c + l, 3 = -c + 5*l. Suppose 8*z = 6*z + c. List the prime factors of z.
2, 3
Let n(t) = 2*t**2 + t. Let g be n(-1). Suppose -4*i + 11 = y - g, -2*i - 2*y = -12. What are the prime factors of (-2 + (3 - i))*-2?
2
Let b = -8 - -12. Suppose 0*h + b*h - 72 = 0. List the prime factors of h.
2, 3
Suppose 200 = -5*s + 6*s. Suppose 8*o = 13*o - s. List the prime factors of o.
2, 5
Let p(o) = -o**2 - 8*o - 4. Let l be p(-3). What are the prime factors of 6*(-2)/(-4) + l?
2, 7
Let p(s) = -2*s - 2. Let m be p(-2). Let o be (0/m - -2) + -2. Suppose o = 4*h + h - 45. What are the prime factors of h?
3
Let n be (6/1)/((-18)/24). Let u be (-3)/(-12) + (-190)/n. What are the prime factors of (-3*2)/((-18)/u)?
2
Let i be (-13 - 1)/(12/(-102)). Let a = i - 81. List the prime factors of a.
2, 19
Suppose -5*i + 264 = -i. List the prime factors of i.
2, 3, 11
Suppose 35 = 3*s - 5*y, 0*s + y = -4*s + 62. Suppose -s = -2*b - 3*t - 6, 2*b = 3*t + 39. What are the prime factors of b?
2, 3
Let o be 5*2/2*-2. Let t be (-263)/(-9) - o/(-45). Let d = 40 - t. List the prime factors of d.
11
Let o be (-10 - -8)*(-34)/(-4). Let t = 12 - o. List the prime factors of t.
29
Suppose 4*j + 290 = 2*s, -s - 2*s + 446 = 5*j. What are the prime factors of s?
3, 7
Let z(o) = -o**2 + 7*o - 6. Let i be z(5). What are the prime factors of 89/i + 2/(-8)?
2, 11
Let t(a) = a**2 - 2. Let o be t(-2). Let u(i) = -i**3 + 2*i**2 + 2. Let b be u(o). Suppose -b*l + 4*l = 12. What are the prime factors of l?
2, 3
Let b = 22 - 13. Let d(p) = -p**3 + 9*p**2 + 5*p - 7. What are the prime factors of d(b)?
2, 19
Let i(n) = n**2 + 5*n + 32. What are the prime factors of i(-12)?
2, 29
Let q(g) = -g**2 + 21*g + 3. What are the prime factors of q(10)?
113
Suppose 2*p - 2*i = -14, 0 - 2 = -p - 2*i. Let z be (-1)/1*2 - -8. Let s = z + p. List the prime factors of s.
2
Let k(r) = r**2 + 3*r - 1. Let f be k(-2). What are the prime factors of (7*-1)/(f + 2)?
7
Let p(x) = -2*x**2 - 18*x + 9. List the prime factors of p(-8).
5
Suppose -25 = -4*a - 9. Suppose 4 = -a*y + 12. What are the prime factors of y - (-10 + 6/3)?
2, 5
Let p be ((-1)/(-3))/((-2)/6). Let a be ((-5)/3 + p)*-6. Let f = a - 10. List the prime factors of f.
2, 3
Let m = -2 + 11. List the prime factors of m.
3
Let u(d) = 2*d + 0*d + 5*d**2 - 3*d - 2*d**2 + 1. What are the prime factors of u(3)?
5
Let j(m) = m**3 - 9*m**2 - m + 9. Let h be j(9). Suppose 7*b - 2*b - 160 = h. What are the prime factors of b?
2
Let u = 33 - 3. Suppose 144 = 3*q + u. List the prime factors of q.
2, 19
Let d(o) = 16*o - 6. Let t = 7 - 3. Let w be d(t). Suppose -3*z + 68 = 4*g, 4*g - w = g - 4*z. What are the prime factors of g?
2, 7
Suppose -5*y + 97 = -53. List the prime factors of y.
2, 3, 5
Let t = 56 + -27. List the prime factors of t.
29
List the prime factors of ((-84)/8)/((-6)/16).
2, 7
Let y(l) = -2*l - 1. Let o be y(-5). Suppose -4*m = -3*i - 21, 0 = i - 0*i + 5*m - 12. What are the prime factors of (-25)/(-3) + i/o?
2
Let n be (-27)/(-18) - (-6)/4. Suppose -4*x = -n*k - 21 + 111, -15 = 5*x. List the prime factors of k.
2, 13
Let p = 57 - 7. Suppose 3*g + p = 5*g. What are